80). Give l(w).
-2
Let g = -127537 - -127535. Let t(f) = -2*f**3 + 2*f - f - 2*f**2 - 2*f + 1. Determine t(g).
11
Let v(l) be the third derivative of -l**6/120 + l**5/20 - l**4/12 + l**3/6 + 43*l**2 + 9. Calculate v(4).
-23
Let y(v) = v**2 + 43*v - 185. Let p be y(4). Let m(x) = -4*x**2 - 2 + x**p + 29*x**2 - 10*x**2 + 9*x - 7*x**2. Calculate m(-7).
-16
Let n(q) = q**3 + q + 3. Let c be n(0). Let h(l) be the first derivative of 46 + 1/4*l**4 - l**2 - 2/3*l**3 - l. Give h(c).
2
Let y(f) = 4*f**2 - 90*f - 2. Let l(x) = 12*x**2 - 241*x - 5. Let p(g) = -3*l(g) + 8*y(g). Determine p(3).
-28
Let c(g) = 2*g**2 + g - 1. Let k(v) = -35*v**2 - 7*v + 8. Let p(u) = -9*c(u) - k(u). Give p(-2).
73
Let t(q) = -15*q**2 + 8*q - 14. Let k(n) = 13*n**2 - 7*n + 8. Let s(g) = -7*k(g) - 6*t(g). Give s(-5).
-2
Let n = 251 - 260. Let t(b) be the first derivative of -b**3/3 - 4*b**2 - 4*b + 37. What is t(n)?
-13
Let t(r) be the first derivative of 3*r**2 + 194*r - 794. Calculate t(-32).
2
Suppose 4*z - k - 36 = 0, -z + 0*k = 2*k. Let n(i) be the first derivative of -3*i**2/2 - 138667. What is n(z)?
-24
Let p = 136 - 60. Let j be (-10)/(-7) + 376/658. Let k(c) = 5*c**j - p*c**3 + 77*c**3 + 6*c - 2*c. What is k(-3)?
6
Let s(u) = -207*u + 26. Let c(b) = -467*b + 52. Let o(d) = 4*c(d) - 9*s(d). Give o(-6).
4
Let g = 7 + -2. Let r(l) be the first derivative of -l**5/20 + l**4/3 + 5*l**3/6 - 5*l**2/2 - 22*l - 23. Let q(b) be the first derivative of r(b). Give q(g).
-5
Let d(r) = 39*r + 76. Let m(x) = 20*x + 40. Let n(i) = -6*d(i) + 11*m(i). Let w(u) = 13*u + 12. Let f(v) = -3*n(v) - 4*w(v). Give f(-2).
20
Let v(r) be the second derivative of -r**3/3 + 6*r**2 + 1724*r. Calculate v(5).
2
Suppose 5*f + 34 = -2*o, -5*f - 6*o - 52 = -10*o. Let s(c) = -c**3 - 6*c**2 - 2*c - 3. Determine s(f).
141
Suppose -t = 5*v + 9, v - 1 = 5*t - 8. Let m be ((-2)/(-3))/(t/3). Let k(u) = u + 63*u**2 - 29*u**m - 39*u**2 - u**3 - 2. Determine k(-5).
-7
Let y(v) = -13*v + 4. Let n(d) = 12*d - 3. Suppose -5*l - 35 = -5*g, 4*g - 2*l + 2 = 22. Suppose -u - g*u = -20. Let z(p) = u*n(p) + 4*y(p). Determine z(-1).
-7
Let t be 188*(-5)/(-21 + 1). Let h = -3 - t. Let r = h + 55. Let k(f) = -f**3 + 4*f**2 + f + 4. Calculate k(r).
-16
Let k(v) = v**2 + 64*v + 609. Let n be k(-53). Let t(m) = -2*m**2 + 52*m + 5. Give t(n).
5
Let r be (-2 + 3)*(-92)/(-2). Let w(l) = -3*l - 21*l**2 + r*l**2 - 24*l**2. Suppose -26*q + 90 = -40. Determine w(q).
10
Let z(l) = -l**3 + 2*l**2 + 2*l - 3. Let w be z(1). Let c(d) = -2*d - 224 + d - d + w*d + 221. What is c(2)?
-7
Let v(a) be the second derivative of -a**5/20 + 2*a**4/3 + 3*a**3/2 + a**2/2 + 2*a. Suppose -2*n - 29 = -7*g + 4*g, 39 = 4*g - 3*n. Determine v(g).
1
Let c(b) be the second derivative of -7*b**3/6 + 3*b**2 + 41*b - 17. Determine c(7).
-43
Suppose -3*b = 4*n + 415, -b + 677 = -6*b - 3*n. Let s = b + 133. Let h(d) = -d. Calculate h(s).
0
Let l(s) = -7*s - 41. Let h(v) be the first derivative of -3*v**2/2 - 18*v + 205. Let z(b) = -5*h(b) + 2*l(b). Calculate z(-9).
-1
Suppose 4*f + a - 12 = 0, f - 4*f - 10 = -4*a. Let b(v) = 8*v - 4 - 3 + 7*v**2 - 5*v**f - v**2. Let k(p) = 5*p + 1. Let s be k(-2). Give b(s).
2
Let k(p) = -20*p**2 - 163*p**2 + 211*p**2 - 14*p - 27*p**2 + 4*p - 12. Determine k(7).
-33
Let b(o) = -140*o - 2. Let a be b(1). Let x = -146 - a. Let v(n) = -3*n - 6. What is v(x)?
6
Let i(t) = 25 + 38 - 3*t - 67 - t + 55. Give i(12).
3
Let d(y) be the first derivative of -9*y**2/2 - 169*y - 3262. What is d(-18)?
-7
Suppose -4*k = -12, 4*p + 5*k = k + 7552. Let i(d) = -5*d**2 + 0*d**3 - d**3 - 4*d - d - p + 1881. Calculate i(-3).
-7
Let s(v) = -v**3 - 7*v**2 + 8*v + 8. Let q(m) = m**3 + 2*m**2 - 14*m + 11. Let d be q(5). Suppose -6*p - d + 68 = 0. What is s(p)?
8
Let a(d) = -422*d**2 - 6*d - 14*d - 9 + 846*d**2 - 429*d**2. Let l(s) = 11*s**2 + 43*s + 19. Let r(g) = -13*a(g) - 6*l(g). Calculate r(4).
-5
Let n be ((-8)/2)/(-4 - (-5 + 3)). Suppose j - 4*l = -n, 0 = -3*l - 0*l. Let k be ((-20)/8)/(j*(-3)/12). Let p(i) = -i**3 - 4*i**2 + 4*i - 4. Calculate p(k).
1
Let a be -1 + 230/25 + 2/(-10). Suppose -2*o = b - 0*b - a, o - 7 = b. Let l(t) be the first derivative of -t**2/2 + 7*t - 8. What is l(o)?
2
Let w = 2862 + -2865. Let b(t) = 7*t**2 - 2*t + 2. What is b(w)?
71
Let f(s) be the first derivative of -23*s**2/2 - s + 2. Suppose 198 = 67*m + 265. Calculate f(m).
22
Let u be -30 + 15 + 7 + -1. Let k(o) = o**3 + 8*o**2 - 3*o + 5. Give k(u).
-49
Let g be (-2 + 0)*(2 - (9 + -6)). Let l(t) = 2*t**g + 3 - 10*t**2 + 7*t**2. Calculate l(3).
-6
Let n(a) be the third derivative of a**6/120 + a**5/4 + 5*a**4/8 + a**3/6 - 146*a**2 - 3. Determine n(-14).
-13
Let t(s) = -s**2 - 25*s - 144. Let y be t(-14). Let f(d) = -2*d**2 + 14*d + 59. Give f(y).
-1
Let t be 122/6 + 35/(-105)*4. Let p(l) = -l**3 + 20*l**2 - 20*l + 17. Determine p(t).
-2
Let r(a) = 3*a**2 + 6*a - 34. Let q be r(-11). Suppose -2*n + 25 = -q. Let p(i) = 143 + 3*i**2 - 5*i**2 - n. Calculate p(1).
-3
Suppose 0 = d - 0*d, 3*d = -3*u + 8*d. Let s(a) = -3*a + 29. Let h(y) = -2*y + 14. Let o(z) = 5*h(z) - 3*s(z). Calculate o(u).
-17
Suppose h = -3*h. Let j be h/(-5 - 16/(-4)). Let c(f) = 19 + j*f + 18 + f - 43. What is c(8)?
2
Let q(u) = -u**2 - 6*u + 3. Let n be q(-6). Let r(k) = 602*k - 940*k + 336*k + 4. Calculate r(n).
-2
Let q be (0*2/6)/2. Let m(h) = h**2 - 2*h + 11. Give m(q).
11
Let i be (-1 + 3)/(3 + -5) + 1. Let f(g) = g**3 - g**2 + 19. Give f(i).
19
Let n(c) = 2 - 4*c - c**3 + 4*c**2 + 0 + 0*c. Let d = 345 + -351. Let u(t) = -31*t - 184. Let h be u(d). Calculate n(h).
2
Let f be -3 + 4 + -7 - (-55 - -58). Let z(w) = -25*w - 224. Give z(f).
1
Let o(p) be the first derivative of -p**4/4 + 2*p**3 - p**2 - 12*p - 5750. What is o(4)?
12
Let c(d) = -d**3 - 11*d**2 - 12*d + 14. Let m(l) = 197*l - 10. Let w be m(0). Determine c(w).
34
Let t be (-15)/((-165)/44) - (4 + 2). Let j(w) = -5*w**3 + 2*w + 2. Calculate j(t).
38
Let x(m) = 3*m + 10. Let a be x(-3). Let o be a + (0 - -3) - -5. Suppose -2 = -o*y + 11*y. Let j(k) = -3*k**3 - k**2. Give j(y).
2
Let t(v) = v - 2. Suppose -19*l + 240 - 12 = 0. Suppose -5 - 19 = -l*i. What is t(i)?
0
Let c(w) = w**3 - 6*w**2 - 9*w. Suppose -6*z + 7358 = 20*z. Suppose -52*o + z = -81. Give c(o).
-14
Let s be (-1)/21 + (-45)/(6930/44) + 1. Let k(c) be the first derivative of -c + c**2 + 7 - s*c**3. Calculate k(3).
-13
Let b(x) = -x**2 - 10*x + 47. Let z be ((-26)/(-3))/(260/(-30) + 8). What is b(z)?
8
Let s(x) be the first derivative of x**3/3 + 5*x**2/2 - 5*x + 132. Suppose 5*o - 3*b + 18 = 0, o - 3*b = b + 10. Let m be s(o). Let v(w) = 3*w + 1. Give v(m).
4
Suppose -17*c = -18*c - 2. Let b(f) = 6*f**3 + 11*f**2 - 16. Let k(n) = n**3 + 2*n**2 - 3. Let y(q) = 2*b(q) - 11*k(q). Give y(c).
-7
Suppose 4*c - 5*w - 1386 - 286 = 0, c - 435 = -3*w. Suppose c = 4*z - g + 119, 0 = 2*z + 4*g - 152. Let p(v) = -142 + 7*v + z + v**2 + 70. Calculate p(-6).
-2
Let i(f) be the third derivative of f**5/60 - 7*f**4/12 + 29*f**3/6 + 5*f**2 - 9. Determine i(9).
-16
Let j = 1365 - 1359. Let t(v) be the third derivative of v**4/24 - v**3/3 - 12*v**2. Give t(j).
4
Let o(v) be the first derivative of -5*v**2/2 + 58*v - 1224. Give o(14).
-12
Suppose 85 = 18*b + 31. Suppose 3*i - 14*t = -12*t - 28, b*i - 5*t = -43. Let g(m) = 2*m - 4*m - 2 - 5. Give g(i).
5
Let n = 18760 - 18735. Let f(x) = x**2 - 21*x - 82. Give f(n).
18
Suppose 0 = 5*p - 4*v + 223, -221 = 5*p - 5*v + 2*v. Let w = 77 + p. Let k(t) = -w*t**3 + 33*t**3 - 2*t**2 - 17 + t**2 + 0 + t. What is k(0)?
-17
Let y(v) = -2*v**2 + 15*v + 52. Let b be y(10). Let s(i) = -89*i + 4 + 90*i + b. What is s(-3)?
3
Let b(x) = -x**3 - 2*x**2 + 1. Let u(z) = -21 + 20*z - 108*z**2 + 53*z**2 + 70 + 56*z**2. Let i be u(-3). Calculate b(i).
1
Let j(y) = -35*y + 11 + y + 14*y + 2*y. Give j(2).
-25
Let o(u) = 4*u**2 - 44*u - 153. Let c(y) = -3*y**2 + 33*y + 115. Let j(z) = 9*c(z) + 7*o(z). What is j(15)?
24
Suppose -4*h - 113 = -o, 4*o - 9*h = -5*h + 404. Let c = o + -100. Let l(b) = -b - 3. What is l(c)?
0
Let i be -1*(-60)/20 - 6/3. Let w(p) = -58*p**2 - 5*p + 5. Calculate w(i).
-58
Let d(x) = 4*x**2 + 34*x - 4. Let q(j) = -2*j**2 - 2*j + 5. Let p(v) = -d(v) - 4*q(v). What is p(7)?
-2
Let u = -12 + 27. Let f = u - 10. Let y(n) = -10*n**2 + 3*n - 9. Let m(